{"id":569,"date":"2020-05-05T22:02:15","date_gmt":"2020-05-05T20:02:15","guid":{"rendered":"http:\/\/www.d\u00f6rpverein-mhg.de\/wp\/?page_id=569"},"modified":"2021-06-15T17:04:48","modified_gmt":"2021-06-15T15:04:48","slug":"berichte-theater-sparte","status":"publish","type":"page","link":"http:\/\/www.d\u00f6rpverein-mhg.de\/?page_id=569","title":{"rendered":"Bericht Ein T\u00e4sschen Kaffee"},"content":{"rendered":"<p>[et_pb_section fb_built=&#8220;1&#8243; fullwidth=&#8220;on&#8220; admin_label=&#8220;Header Section&#8220; _builder_version=&#8220;3.22.4&#8243; background_color=&#8220;#f1f7e6&#8243; custom_margin=&#8220;|||&#8220; custom_padding=&#8220;|||&#8220; bottom_divider_color=&#8220;rgba(0,0,0,0)&#8220; border_color_all=&#8220;rgba(0,0,0,0)&#8220;][et_pb_fullwidth_header text_orientation=&#8220;center&#8220; image_orientation=&#8220;bottom&#8220; content_max_width_tablet=&#8220;&#8220; content_max_width_phone=&#8220;&#8220; content_max_width_last_edited=&#8220;on|desktop&#8220; _builder_version=&#8220;3.16&#8243; title_font=&#8220;Lora|700|||||||&#8220; title_text_color=&#8220;#f1f7e6&#8243; title_font_size=&#8220;53px&#8220; title_line_height=&#8220;2em&#8220; content_font=&#8220;Lora||||||||&#8220; content_font_size=&#8220;22px&#8220; content_line_height=&#8220;2em&#8220; subhead_font=&#8220;Lora|700|||||||&#8220; subhead_text_color=&#8220;#f1f7e6&#8243; subhead_font_size=&#8220;44px&#8220; subhead_line_height=&#8220;1.6em&#8220; background_color=&#8220;rgba(255,255,255,0)&#8220; background_image=&#8220;http:\/\/www.d\u00f6rpverein-mhg.de\/\/wp-content\/uploads\/2019\/05\/mh.jpg&#8220; parallax=&#8220;on&#8220; parallax_method=&#8220;on&#8220; custom_button_one=&#8220;on&#8220; button_one_text_size=&#8220;16px&#8220; button_one_text_color=&#8220;#ffffff&#8220; button_one_bg_color=&#8220;#d29f68&#8243; button_one_border_width=&#8220;15px&#8220; button_one_border_color=&#8220;rgba(210,159,104,0)&#8220; button_one_border_radius=&#8220;100px&#8220; button_one_letter_spacing=&#8220;3px&#8220; button_one_font=&#8220;Oswald|||on|||||&#8220; button_one_use_icon=&#8220;off&#8220; custom_button_two=&#8220;on&#8220; button_two_text_size=&#8220;16px&#8220; button_two_text_color=&#8220;#ffffff&#8220; button_two_bg_color=&#8220;rgba(255,255,255,0.35)&#8220; button_two_border_width=&#8220;15px&#8220; button_two_border_color=&#8220;rgba(0,0,0,0)&#8220; button_two_border_radius=&#8220;100px&#8220; button_two_letter_spacing=&#8220;3px&#8220; button_two_font=&#8220;Oswald|||on|||||&#8220; button_two_use_icon=&#8220;off&#8220; custom_margin=&#8220;|||&#8220; custom_padding=&#8220;225px||225px||true&#8220; animation_style=&#8220;fade&#8220; animation_duration=&#8220;2000ms&#8220; animation_speed_curve=&#8220;ease-out&#8220; subhead_font_size_tablet=&#8220;&#8220; subhead_font_size_phone=&#8220;50px&#8220; subhead_font_size_last_edited=&#8220;on|desktop&#8220; title_text_shadow_style=&#8220;preset5&#8243; title_text_shadow_color=&#8220;#000000&#8243; subhead_text_shadow_style=&#8220;preset5&#8243; border_color_all=&#8220;#ffffff&#8220; button_one_border_radius_hover=&#8220;100px&#8220; button_one_bg_color_hover=&#8220;#cc8d66&#8243; button_two_bg_color_hover=&#8220;#d29f68&#8243; button_one_text_size__hover_enabled=&#8220;off&#8220; button_two_text_size__hover_enabled=&#8220;off&#8220; button_one_text_color__hover_enabled=&#8220;off&#8220; button_two_text_color__hover_enabled=&#8220;off&#8220; button_one_border_width__hover_enabled=&#8220;off&#8220; button_two_border_width__hover_enabled=&#8220;off&#8220; button_one_border_color__hover_enabled=&#8220;off&#8220; button_two_border_color__hover_enabled=&#8220;off&#8220; button_one_border_radius__hover_enabled=&#8220;on&#8220; button_one_border_radius__hover=&#8220;100px&#8220; button_two_border_radius__hover_enabled=&#8220;off&#8220; button_one_letter_spacing__hover_enabled=&#8220;off&#8220; button_two_letter_spacing__hover_enabled=&#8220;off&#8220; button_one_bg_color__hover_enabled=&#8220;on&#8220; button_one_bg_color__hover=&#8220;#cc8d66&#8243; button_two_bg_color__hover_enabled=&#8220;on&#8220; button_two_bg_color__hover=&#8220;#d29f68&#8243;][\/et_pb_fullwidth_header][\/et_pb_section][et_pb_section fb_built=&#8220;1&#8243; admin_label=&#8220;Free Consultation&#8220; _builder_version=&#8220;3.22.3&#8243; background_color=&#8220;#f1f7e6&#8243; custom_padding=&#8220;0px|0px||0px&#8220;][et_pb_row _builder_version=&#8220;3.25&#8243; custom_padding=&#8220;0px|||||&#8220;][et_pb_column type=&#8220;4_4&#8243; _builder_version=&#8220;3.25&#8243; custom_padding=&#8220;|||&#8220; custom_padding__hover=&#8220;|||&#8220;][et_pb_cta title=&#8220;Berichte Theater-Sparte&#8220; button_url=&#8220;#&#8220; _builder_version=&#8220;3.22.4&#8243; header_font=&#8220;Lora|700||on|||||&#8220; header_text_color=&#8220;#375729&#8243; header_font_size=&#8220;48px&#8220; header_letter_spacing=&#8220;2px&#8220; header_line_height=&#8220;2em&#8220; body_font=&#8220;Lora|||||on|||&#8220; body_text_color=&#8220;#375729&#8243; body_font_size=&#8220;43px&#8220; body_line_height=&#8220;1.4em&#8220; background_color=&#8220;#ffffff&#8220; width=&#8220;100%&#8220; max_width=&#8220;100%&#8220; custom_margin=&#8220;-100px|0px||0px||&#8220; custom_padding=&#8220;3%||0px|&#8220; animation_style=&#8220;slide&#8220; header_font_size_tablet=&#8220;&#8220; header_font_size_phone=&#8220;36px&#8220; header_font_size_last_edited=&#8220;on|desktop&#8220; border_radii=&#8220;on|20px|20px|20px|20px&#8220; box_shadow_style=&#8220;preset3&#8243; box_shadow_vertical=&#8220;15px&#8220; box_shadow_blur=&#8220;80px&#8220; box_shadow_color=&#8220;rgba(0,0,0,0.2)&#8220; button_border_radius_hover=&#8220;1px&#8220; locked=&#8220;off&#8220; button_text_size__hover_enabled=&#8220;off&#8220; button_one_text_size__hover_enabled=&#8220;off&#8220; button_two_text_size__hover_enabled=&#8220;off&#8220; button_text_color__hover_enabled=&#8220;off&#8220; button_one_text_color__hover_enabled=&#8220;off&#8220; button_two_text_color__hover_enabled=&#8220;off&#8220; button_border_width__hover_enabled=&#8220;off&#8220; button_one_border_width__hover_enabled=&#8220;off&#8220; button_two_border_width__hover_enabled=&#8220;off&#8220; button_border_color__hover_enabled=&#8220;off&#8220; button_one_border_color__hover_enabled=&#8220;off&#8220; button_two_border_color__hover_enabled=&#8220;off&#8220; button_border_radius__hover_enabled=&#8220;on&#8220; button_border_radius__hover=&#8220;1px&#8220; button_one_border_radius__hover_enabled=&#8220;off&#8220; button_two_border_radius__hover_enabled=&#8220;off&#8220; button_letter_spacing__hover_enabled=&#8220;off&#8220; button_one_letter_spacing__hover_enabled=&#8220;off&#8220; button_two_letter_spacing__hover_enabled=&#8220;off&#8220; button_bg_color__hover_enabled=&#8220;off&#8220; button_one_bg_color__hover_enabled=&#8220;off&#8220; button_two_bg_color__hover_enabled=&#8220;off&#8220; transform_styles__hover_enabled=&#8220;on&#8220; transform_scale__hover_enabled=&#8220;on&#8220; transform_translate__hover_enabled=&#8220;on&#8220; transform_rotate__hover_enabled=&#8220;on&#8220; transform_skew__hover_enabled=&#8220;on&#8220; transform_origin__hover_enabled=&#8220;on&#8220; transform_scale__hover=&#8220;108%|108%&#8220;][\/et_pb_cta][\/et_pb_column][\/et_pb_row][\/et_pb_section][et_pb_section fb_built=&#8220;1&#8243; admin_label=&#8220;About Section&#8220; _builder_version=&#8220;3.22.3&#8243; background_color=&#8220;#f1f7e6&#8243; custom_padding=&#8220;0|0px|0|0px|true|false&#8220;][et_pb_row admin_label=&#8220;About Row&#8220; _builder_version=&#8220;3.25&#8243; animation_style=&#8220;fade&#8220; use_custom_width=&#8220;on&#8220;][et_pb_column type=&#8220;4_4&#8243; _builder_version=&#8220;3.25&#8243; custom_padding=&#8220;|||&#8220; custom_padding__hover=&#8220;|||&#8220;][et_pb_text _builder_version=&#8220;3.27.4&#8243; text_font=&#8220;Lora||||||||&#8220; text_font_size=&#8220;26px&#8220; text_line_height=&#8220;1.8em&#8220; header_font=&#8220;||||||||&#8220; header_text_align=&#8220;left&#8220; header_2_font=&#8220;Lora|700|||||||&#8220; header_2_font_size=&#8220;50px&#8220; header_2_line_height=&#8220;1.5em&#8220; header_3_font=&#8220;Lora|700|||||||&#8220; header_3_font_size=&#8220;42px&#8220; header_3_line_height=&#8220;1.5em&#8220; header_5_font=&#8220;Oswald|||on|||||&#8220; header_5_text_color=&#8220;rgba(0,0,0,0.4)&#8220; header_5_font_size=&#8220;20px&#8220; header_5_letter_spacing=&#8220;3px&#8220; max_width_tablet=&#8220;&#8220; max_width_phone=&#8220;&#8220; max_width_last_edited=&#8220;on|desktop&#8220; custom_margin_tablet=&#8220;|70px||70px&#8220; custom_margin_phone=&#8220;|50px||50px&#8220; custom_margin_last_edited=&#8220;off|desktop&#8220; text_line_height_last_edited=&#8220;off|desktop&#8220;]<\/p>\n<h5>2014<\/h5>\n<p>&nbsp;<\/p>\n<h1 class=\"jok_post_title\"><a href=\"http:\/\/www.xn--drpverein-mhg-imb.de\/theatersparte\/berichte-theatersparte\/64-theaterauffuehrung-taesschen-kaffee\">Theaterauff\u00fchrung T\u00e4sschen Kaffee<\/a><\/h1>\n<p><strong>\u00a0<\/strong><\/p>\n<p>[\/et_pb_text][et_pb_text _builder_version=&#8220;3.27.4&#8243; text_font=&#8220;Lora||||||||&#8220; text_font_size=&#8220;18px&#8220; text_line_height=&#8220;1.8em&#8220; header_2_font=&#8220;Lora|700|||||||&#8220; header_2_font_size=&#8220;50px&#8220; header_2_line_height=&#8220;1.5em&#8220; header_5_font=&#8220;Oswald|||on|||||&#8220; header_5_text_color=&#8220;rgba(0,0,0,0.4)&#8220; header_5_font_size=&#8220;20px&#8220; header_5_letter_spacing=&#8220;3px&#8220; max_width_tablet=&#8220;&#8220; max_width_phone=&#8220;&#8220; max_width_last_edited=&#8220;on|phone&#8220; custom_margin_tablet=&#8220;|70px||70px&#8220; custom_margin_phone=&#8220;|50px||50px&#8220; custom_margin_last_edited=&#8220;off|desktop&#8220; custom_padding=&#8220;||123px|||&#8220; text_line_height_last_edited=&#8220;off|desktop&#8220;]<\/p>\n<div class=\"jok_post_inner_box\">\n<h1 class=\"jok_post_title\"><\/h1>\n<\/div>\n<div class=\"jok_article\">\n<div class=\"postcontent\">\n<p align=\"center\"><strong>Irrungen und Wirrungen<\/strong><\/p>\n<p align=\"center\"><strong><em>Theatersparte des M\u00f6nkeh\u00e4ger D\u00f6rpvereins wei\u00df mit vergn\u00fcglichem Sketcheabend zu unterhalten <\/em><\/strong><\/p>\n<p>Die zweite gro\u00dfe Auff\u00fchrung der Theatergruppe M\u00fcnchehagen war wieder ein voller Erfolg. An beiden Auff\u00fchrungstagen war die Aula der Grundschule bis auf den letzten Platz besetzt und das Publikum hatte seine helle Freude an den verschiedenen Sketchen. Diese wurden geschickt durch eine Rahmenhandlung miteinander verbunden, die der Regisseur, Willem-Alexander Rode, geschrieben hat.<\/p>\n<p>Zu Beginn gab es einen Moment der Verwirrung, kam doch die etwas verwirrte \u00e4ltere Dame Frau Jan\u00dfen durch die Zuschauermenge und suchte ein Caf\u00e9 auf der B\u00fchne. Etwas unsanft wurde sie wieder hinausgebeten, da sie sich verirrt habe. Doch immer wieder tauchte sie auf, um zwischen den Sketchen geh\u00f6rig f\u00fcr Unruhe zu sorgen \u2013 und die Zuschauer mit ihren \u00dcberlegungen immer wieder herzhaft zum Lachen zu bringen. Mit Energie und Hamburger Schnauze wusste Imogen-Maria Coupke-Dahlke die B\u00fchne immer wieder pr\u00e4sent zu nutzen und hat mit ihrem Charme so manche Unversch\u00e4mtheit ihrer Frau Jan\u00dfen sympathisch werden lassen. Die Souffleuse Renate Braselmann, die sich des \u00d6fteren mit diesen St\u00f6rungen auf der B\u00fchne befassen musste, hatte dadurch allerdings mehr zu tun, als sich mit den Texten zu befassen.<\/p>\n<p>Doch auch in den zwischen den St\u00f6rungen der Frau Jan\u00dfen dargebotenen Sketchen blieb kein Auge trocken. So wurden die Zuschauer zum Beispiel Zeuge einer makabren Szene im Knast. Die Naturgewalt Lena, mitrei\u00dfend dargestellt von Andrea Mau, besucht ihren kleinlauten Noch-Ehemann Christian, der mit kleinen, feinen Z\u00fcgen von Michaela Krinke zum Leben erweckt wurde, um ihm unerwartet und ganz nebenbei sowohl ihre Scheidungsabsichten kundzutun, als auch von ihren Heiratspl\u00e4nen mit Dieter zu berichten. Schlie\u00dflich ist sie schon von ihm schwanger. Nur m\u00fchsam kann der strenge Vollzugsbeamte, mit stoischer Ruhe verk\u00f6rpert von Regina Mund, den aufgebrachten H\u00e4ftling beruhigen.<\/p>\n<p>Im Sketch \u201eUngeziefer\u201c erlebte der Zuschauer den \u00fcberaus \u201eeinf\u00e4ltigen\u201c Hausmeister Walter, mit vollem K\u00f6rpereinsatz gespielt von Andrea Mau, der seine energische Oberstudiendirektorin, die von Ursel T\u00fcrnau-Bautz mit Ehrfurcht gebietender Strenge gezeichnet wurde, zur schieren Verzweiflung bringt.<\/p>\n<p>Im n\u00e4chsten Sketch musste sich eine bedauernswerte Raumpflegerin, mit viel Energie gespielt von Hiltrud Lindenberg, beim Saubermachen eines aufdringlichen Patienten erwehren. Michaela Krinke gab als lispelnder und \u00fcberaus aufdringlicher Arztbesucher alles, um einen Termin beim Doktor zu bekommen. Dies scheitert aber daran, dass sie nicht verstehen will, dass der Doktor in Urlaub ist. Dies wiederum brachte die Raumpflegerin zur Verzweiflung \u2013 und die Zuschauer zum Lachen.<\/p>\n<p>Im Sketch \u201eDas Euro-Norm-Gebiss\u201c zeigten sodann die beiden Damen Sieglinde \u00a0und Vivienne-Constanze, die von Hiltrud Lindenberg und Ursel T\u00fcrnau-Bautz mit unnachahmlicher Mimik gelebt wurden, wie ein Dialog an der Bushaltestelle \u00fcber die Vorz\u00fcge eines familienfreundlichen, \u00fcbertragbaren Gebisses zu absurder Komik werden kann.<\/p>\n<p>Zum Schluss fand Frau Jan\u00dfen dann endlich ihr Caf\u00e9\u00a0 &#8211; und der Zuschauer erfuhr den Grund f\u00fcr ihre eindringliche Suche. War sie doch dort verabredet, um mit ihrer Nachbarin Frau Bredem\u00fcller zu \u201eplaudern\u201c.\u00a0 Unter dieser herrlichen L\u00e4sterrunde, in der auch Andrea Mau noch einmal zeigen konnte, was sie schauspielerisch zu leisten imstande ist, hatte nur der gute Herr R\u00fcbe (grandioser, wortloser Gegenpol: Michaela Krinke) zu leiden, der doch eigentlich nur mal in Ruhe einen Kaffee trinken wollte. Nur die Bedienung (zackig: Regina Mund) lie\u00df sich nicht aus der Ruhe bringen.<\/p>\n<p>Die schnellen Rollenwechsel klappten nicht zuletzt auch wegen der tollen Maskenarbeit von Ursel Bredemeier und Anja Brandes hinter den Kulissen reibungslos. Auch die vielen flei\u00dfigen Helferinnen und Helfer des D\u00f6rpvereins M\u00fcnchehagen vor, w\u00e4hrend und nach den Vorstellungen haben zum Gelingen dieses Sketcheabends beigetragen. Ihnen sei an dieser Stelle noch einmal herzlich gedankt.<\/p>\n<p>&nbsp;<\/p>\n<p>geschrieben von Renate Braselmann<\/p>\n<\/div>\n<\/div>\n<p><span style=\"font-size: 18px;\"><\/span><\/p>\n<p>[\/et_pb_text][\/et_pb_column][\/et_pb_row][\/et_pb_section]<\/p>\n","protected":false},"excerpt":{"rendered":"<p>2014 &nbsp; Theaterauff\u00fchrung T\u00e4sschen Kaffee \u00a0 Irrungen und Wirrungen Theatersparte des M\u00f6nkeh\u00e4ger D\u00f6rpvereins wei\u00df mit vergn\u00fcglichem Sketcheabend zu unterhalten Die zweite gro\u00dfe Auff\u00fchrung der Theatergruppe M\u00fcnchehagen war wieder ein voller Erfolg. An beiden Auff\u00fchrungstagen war die Aula der Grundschule bis auf den letzten Platz besetzt und das Publikum hatte seine helle Freude an den verschiedenen [&hellip;]<\/p>\n","protected":false},"author":1,"featured_media":0,"parent":0,"menu_order":0,"comment_status":"closed","ping_status":"closed","template":"","meta":{"_et_pb_use_builder":"on","_et_pb_old_content":"","_et_gb_content_width":"","footnotes":""},"class_list":["post-569","page","type-page","status-publish","hentry"],"_links":{"self":[{"href":"http:\/\/www.d\u00f6rpverein-mhg.de\/index.php?rest_route=\/wp\/v2\/pages\/569","targetHints":{"allow":["GET"]}}],"collection":[{"href":"http:\/\/www.d\u00f6rpverein-mhg.de\/index.php?rest_route=\/wp\/v2\/pages"}],"about":[{"href":"http:\/\/www.d\u00f6rpverein-mhg.de\/index.php?rest_route=\/wp\/v2\/types\/page"}],"author":[{"embeddable":true,"href":"http:\/\/www.d\u00f6rpverein-mhg.de\/index.php?rest_route=\/wp\/v2\/users\/1"}],"replies":[{"embeddable":true,"href":"http:\/\/www.d\u00f6rpverein-mhg.de\/index.php?rest_route=%2Fwp%2Fv2%2Fcomments&post=569"}],"version-history":[{"count":10,"href":"http:\/\/www.d\u00f6rpverein-mhg.de\/index.php?rest_route=\/wp\/v2\/pages\/569\/revisions"}],"predecessor-version":[{"id":814,"href":"http:\/\/www.d\u00f6rpverein-mhg.de\/index.php?rest_route=\/wp\/v2\/pages\/569\/revisions\/814"}],"wp:attachment":[{"href":"http:\/\/www.d\u00f6rpverein-mhg.de\/index.php?rest_route=%2Fwp%2Fv2%2Fmedia&parent=569"}],"curies":[{"name":"wp","href":"https:\/\/api.w.org\/{rel}","templated":true}]}}