{"id":639,"date":"2020-05-07T12:53:52","date_gmt":"2020-05-07T10:53:52","guid":{"rendered":"http:\/\/www.d\u00f6rpverein-mhg.de\/wp\/?page_id=639"},"modified":"2025-10-14T10:22:35","modified_gmt":"2025-10-14T08:22:35","slug":"schreddertag","status":"publish","type":"page","link":"http:\/\/www.d\u00f6rpverein-mhg.de\/?page_id=639","title":{"rendered":"Schreddertag"},"content":{"rendered":"<p>[et_pb_section fb_built=&#8220;1&#8243; fullwidth=&#8220;on&#8220; admin_label=&#8220;Header Section&#8220; _builder_version=&#8220;4.16&#8243; background_color=&#8220;#f1f7e6&#8243; custom_margin=&#8220;|||&#8220; custom_padding=&#8220;|||&#8220; bottom_divider_color=&#8220;rgba(0,0,0,0)&#8220; border_color_all=&#8220;rgba(0,0,0,0)&#8220; global_colors_info=&#8220;{}&#8220;][et_pb_fullwidth_header text_orientation=&#8220;center&#8220; image_orientation=&#8220;bottom&#8220; content_max_width_tablet=&#8220;&#8220; content_max_width_phone=&#8220;&#8220; content_max_width_last_edited=&#8220;on|desktop&#8220; _builder_version=&#8220;4.16&#8243; title_font=&#8220;Lora|700|||||||&#8220; title_text_color=&#8220;#f1f7e6&#8243; title_font_size=&#8220;53px&#8220; title_line_height=&#8220;2em&#8220; content_font=&#8220;Lora||||||||&#8220; content_font_size=&#8220;22px&#8220; content_line_height=&#8220;2em&#8220; subhead_font=&#8220;Lora|700|||||||&#8220; subhead_text_color=&#8220;#f1f7e6&#8243; subhead_font_size=&#8220;44px&#8220; subhead_line_height=&#8220;1.6em&#8220; background_color=&#8220;rgba(255,255,255,0)&#8220; background_image=&#8220;http:\/\/www.d\u00f6rpverein-mhg.de\/\/wp-content\/uploads\/2019\/05\/mh.jpg&#8220; parallax=&#8220;on&#8220; parallax_method=&#8220;on&#8220; custom_button_one=&#8220;on&#8220; button_one_text_size=&#8220;16px&#8220; button_one_text_color=&#8220;#ffffff&#8220; button_one_bg_color=&#8220;#d29f68&#8243; button_one_border_width=&#8220;15px&#8220; button_one_border_color=&#8220;rgba(210,159,104,0)&#8220; button_one_border_radius=&#8220;100px&#8220; button_one_letter_spacing=&#8220;3px&#8220; button_one_font=&#8220;Oswald|||on|||||&#8220; button_one_use_icon=&#8220;off&#8220; custom_button_two=&#8220;on&#8220; button_two_text_size=&#8220;16px&#8220; button_two_text_color=&#8220;#ffffff&#8220; button_two_bg_color=&#8220;rgba(255,255,255,0.35)&#8220; button_two_border_width=&#8220;15px&#8220; button_two_border_color=&#8220;rgba(0,0,0,0)&#8220; button_two_border_radius=&#8220;100px&#8220; button_two_letter_spacing=&#8220;3px&#8220; button_two_font=&#8220;Oswald|||on|||||&#8220; button_two_use_icon=&#8220;off&#8220; custom_margin=&#8220;|||&#8220; custom_padding=&#8220;225px||225px||true&#8220; animation_style=&#8220;fade&#8220; animation_duration=&#8220;2000ms&#8220; animation_speed_curve=&#8220;ease-out&#8220; subhead_font_size_tablet=&#8220;&#8220; subhead_font_size_phone=&#8220;50px&#8220; subhead_font_size_last_edited=&#8220;on|desktop&#8220; title_text_shadow_style=&#8220;preset5&#8243; title_text_shadow_color=&#8220;#000000&#8243; subhead_text_shadow_style=&#8220;preset5&#8243; border_color_all=&#8220;#ffffff&#8220; button_one_border_radius_hover=&#8220;100px&#8220; button_one_bg_color_hover=&#8220;#cc8d66&#8243; button_two_bg_color_hover=&#8220;#d29f68&#8243; global_colors_info=&#8220;{}&#8220; button_one_text_size__hover_enabled=&#8220;off&#8220; button_two_text_size__hover_enabled=&#8220;off&#8220; button_one_text_color__hover_enabled=&#8220;off&#8220; button_two_text_color__hover_enabled=&#8220;off&#8220; button_one_border_width__hover_enabled=&#8220;off&#8220; button_two_border_width__hover_enabled=&#8220;off&#8220; button_one_border_color__hover_enabled=&#8220;off&#8220; button_two_border_color__hover_enabled=&#8220;off&#8220; button_one_border_radius__hover_enabled=&#8220;on&#8220; button_one_border_radius__hover=&#8220;100px&#8220; button_two_border_radius__hover_enabled=&#8220;off&#8220; button_one_letter_spacing__hover_enabled=&#8220;off&#8220; button_two_letter_spacing__hover_enabled=&#8220;off&#8220; button_one_bg_color__hover_enabled=&#8220;on&#8220; button_one_bg_color__hover=&#8220;#cc8d66&#8243; button_two_bg_color__hover_enabled=&#8220;on&#8220; button_two_bg_color__hover=&#8220;#d29f68&#8243;][\/et_pb_fullwidth_header][\/et_pb_section][et_pb_section fb_built=&#8220;1&#8243; admin_label=&#8220;Free Consultation&#8220; _builder_version=&#8220;4.16&#8243; background_color=&#8220;#f1f7e6&#8243; custom_padding=&#8220;0px|0px||0px&#8220; global_colors_info=&#8220;{}&#8220;][et_pb_row _builder_version=&#8220;4.16&#8243; custom_padding=&#8220;|||&#8220; global_colors_info=&#8220;{}&#8220;][et_pb_column type=&#8220;4_4&#8243; _builder_version=&#8220;4.16&#8243; custom_padding=&#8220;|||&#8220; global_colors_info=&#8220;{}&#8220; custom_padding__hover=&#8220;|||&#8220;][et_pb_cta title=&#8220;Schreddertag&#8220; button_url=&#8220;#&#8220; _builder_version=&#8220;4.16&#8243; header_font=&#8220;Lora|700||on|||||&#8220; header_text_color=&#8220;#375729&#8243; header_font_size=&#8220;48px&#8220; header_letter_spacing=&#8220;2px&#8220; header_line_height=&#8220;2em&#8220; body_font=&#8220;Lora|||||on|||&#8220; body_text_color=&#8220;#375729&#8243; body_font_size=&#8220;43px&#8220; body_line_height=&#8220;1.4em&#8220; background_color=&#8220;#ffffff&#8220; width=&#8220;100%&#8220; max_width=&#8220;100%&#8220; custom_margin=&#8220;-100px|0px||0px||&#8220; custom_padding=&#8220;3%||0px|&#8220; animation_style=&#8220;slide&#8220; header_font_size_tablet=&#8220;&#8220; header_font_size_phone=&#8220;36px&#8220; header_font_size_last_edited=&#8220;on|desktop&#8220; border_radii=&#8220;on|20px|20px|20px|20px&#8220; box_shadow_style=&#8220;preset3&#8243; box_shadow_vertical=&#8220;15px&#8220; box_shadow_blur=&#8220;80px&#8220; box_shadow_color=&#8220;rgba(0,0,0,0.2)&#8220; button_border_radius_hover=&#8220;1px&#8220; locked=&#8220;off&#8220; global_colors_info=&#8220;{}&#8220; button_text_size__hover_enabled=&#8220;off&#8220; button_one_text_size__hover_enabled=&#8220;off&#8220; button_two_text_size__hover_enabled=&#8220;off&#8220; button_text_color__hover_enabled=&#8220;off&#8220; button_one_text_color__hover_enabled=&#8220;off&#8220; button_two_text_color__hover_enabled=&#8220;off&#8220; button_border_width__hover_enabled=&#8220;off&#8220; button_one_border_width__hover_enabled=&#8220;off&#8220; button_two_border_width__hover_enabled=&#8220;off&#8220; button_border_color__hover_enabled=&#8220;off&#8220; button_one_border_color__hover_enabled=&#8220;off&#8220; button_two_border_color__hover_enabled=&#8220;off&#8220; button_border_radius__hover_enabled=&#8220;on&#8220; button_border_radius__hover=&#8220;1px&#8220; button_one_border_radius__hover_enabled=&#8220;off&#8220; button_two_border_radius__hover_enabled=&#8220;off&#8220; button_letter_spacing__hover_enabled=&#8220;off&#8220; button_one_letter_spacing__hover_enabled=&#8220;off&#8220; button_two_letter_spacing__hover_enabled=&#8220;off&#8220; button_bg_color__hover_enabled=&#8220;off&#8220; button_one_bg_color__hover_enabled=&#8220;off&#8220; button_two_bg_color__hover_enabled=&#8220;off&#8220; transform_styles__hover_enabled=&#8220;on&#8220; transform_scale__hover_enabled=&#8220;on&#8220; transform_translate__hover_enabled=&#8220;on&#8220; transform_rotate__hover_enabled=&#8220;on&#8220; transform_skew__hover_enabled=&#8220;on&#8220; transform_origin__hover_enabled=&#8220;on&#8220; transform_scale__hover=&#8220;108%|108%&#8220;][\/et_pb_cta][et_pb_text _builder_version=&#8220;4.21.0&#8243; text_font=&#8220;Lora||||||||&#8220; text_font_size=&#8220;18px&#8220; text_line_height=&#8220;1.8em&#8220; header_2_font=&#8220;Lora|700|||||||&#8220; header_2_font_size=&#8220;50px&#8220; header_2_line_height=&#8220;1.5em&#8220; header_5_font=&#8220;Oswald|||on|||||&#8220; header_5_text_color=&#8220;rgba(0,0,0,0.4)&#8220; header_5_font_size=&#8220;20px&#8220; header_5_letter_spacing=&#8220;3px&#8220; max_width_tablet=&#8220;&#8220; max_width_phone=&#8220;&#8220; max_width_last_edited=&#8220;on|phone&#8220; custom_margin_tablet=&#8220;|70px||70px&#8220; custom_margin_phone=&#8220;|50px||50px&#8220; custom_margin_last_edited=&#8220;off|desktop&#8220; text_line_height_last_edited=&#8220;off|desktop&#8220; global_colors_info=&#8220;{}&#8220;]<\/p>\n<p style=\"text-align: justify;\"><strong>Schreddertag 2025<\/strong><\/p>\n<p style=\"text-align: center;\">Der Schreddertag 2025 f\u00e4llt dieses Jahr leider aus. Wir freuen uns schon auf den 12. Schreddertag 2026<\/p>\n<p style=\"text-align: justify;\">\n<p>[\/et_pb_text][et_pb_text _builder_version=&#8220;4.16&#8243; text_font=&#8220;Lora||||||||&#8220; text_font_size=&#8220;18px&#8220; text_line_height=&#8220;1.8em&#8220; header_2_font=&#8220;Lora|700|||||||&#8220; header_2_font_size=&#8220;50px&#8220; header_2_line_height=&#8220;1.5em&#8220; header_5_font=&#8220;Oswald|||on|||||&#8220; header_5_text_color=&#8220;rgba(0,0,0,0.4)&#8220; header_5_font_size=&#8220;20px&#8220; header_5_letter_spacing=&#8220;3px&#8220; max_width_tablet=&#8220;&#8220; max_width_phone=&#8220;&#8220; max_width_last_edited=&#8220;on|phone&#8220; custom_margin_tablet=&#8220;|70px||70px&#8220; custom_margin_phone=&#8220;|50px||50px&#8220; custom_margin_last_edited=&#8220;off|desktop&#8220; text_line_height_last_edited=&#8220;off|desktop&#8220; global_colors_info=&#8220;{}&#8220;]<\/p>\n<p><strong>10 Jahre Schreddertag in M\u00fcnchehagen<\/strong><\/p>\n<p style=\"text-align: justify;\">Den typischen Duft des Brenntages gibt es seit zehn Jahren nicht mehr, seitdem l\u00e4dt allerdings der M\u00f6nkeh\u00e4ger D\u00f6rpverein zum Schreddertag in den Steinbruch der Firma Wesling ein. Statt Asche bleibt Mulch vom Gartenschnitt \u00fcbrig. Zum zehnj\u00e4hrigen Jubil\u00e4um gab es nicht nur Kaffee und Kuchen sowie Bratwurst vom Grill sondern auch Spanferkel, das sich die zahlreichen Besucher im Steinbruch schmecken lie\u00dfen.\u00a0 Dass das Schreddern kostenlos ist \u2013 Steinbruch und Schredder werden von M\u00fccheh\u00e4gern f\u00fcr diesen Zweck zur Verf\u00fcgung gestellt \u2013 ist f\u00fcr den D\u00f6rpverein ein gro\u00dfes Anliegen. Stefan und Winfried Heydt gilt daher gro\u00dfer Dank f\u00fcr das Vertrauen den Schredder jedes Jahr wieder benutzen zu d\u00fcrfen. Zu den 175 Kippern, die in den vergangen Jahren geschreddert worden sind, kamen dieses Jahr 16 weitere hinzu. Das Wetter der vergangenen Tage spielte leider nicht mit. Die Dorfjugend lie\u00df es sich nicht nehmen mit Planwagen und Schreddergut den Steinbruch zu besuchen. Schlie\u00dflich ging es den Akteuren mit der Aktion von Anfang an nicht nur darum, eine Alternative zum Brenn-Tag anzubieten, sondern auch um das Gespr\u00e4ch unter M\u00fcncheh\u00e4gern. Wer sich revanchieren wollte f\u00fcr M\u00fche und Service, konnte schlie\u00dflich wie in all den Jahren zuvor eine kleine Spende hinterlassen. So stand den Tag \u00fcber stets eine gem\u00fctliche Runde zusammen und selbst die J\u00fcngsten hatten schon ihren Spa\u00df dran.<span style=\"font-size: 18px;\">\u00a0<\/span><\/p>\n<p>[\/et_pb_text][et_pb_image src=&#8220;http:\/\/www.d\u00f6rpverein-mhg.de\/wp-content\/uploads\/2023\/10\/Schreddertag-scaled.jpg&#8220; title_text=&#8220;Schreddertag&#8220; _builder_version=&#8220;4.21.0&#8243; _module_preset=&#8220;default&#8220; global_colors_info=&#8220;{}&#8220;][\/et_pb_image][et_pb_video src=&#8220;https:\/\/youtu.be\/Sz6ycfjErt0&#8243; _builder_version=&#8220;4.21.0&#8243; _module_preset=&#8220;default&#8220; global_colors_info=&#8220;{}&#8220;][\/et_pb_video][et_pb_text _builder_version=&#8220;4.16&#8243; text_font=&#8220;Lora||||||||&#8220; text_font_size=&#8220;18px&#8220; text_line_height=&#8220;1.8em&#8220; header_2_font=&#8220;Lora|700|||||||&#8220; header_2_font_size=&#8220;50px&#8220; header_2_line_height=&#8220;1.5em&#8220; header_5_font=&#8220;Oswald|||on|||||&#8220; header_5_text_color=&#8220;rgba(0,0,0,0.4)&#8220; header_5_font_size=&#8220;20px&#8220; header_5_letter_spacing=&#8220;3px&#8220; max_width_tablet=&#8220;&#8220; max_width_phone=&#8220;&#8220; max_width_last_edited=&#8220;on|phone&#8220; custom_margin_tablet=&#8220;|70px||70px&#8220; custom_margin_phone=&#8220;|50px||50px&#8220; custom_margin_last_edited=&#8220;off|desktop&#8220; text_line_height_last_edited=&#8220;off|desktop&#8220; global_colors_info=&#8220;{}&#8220;]<\/p>\n<p style=\"text-align: center;\"><strong>10 Jahre Schreddertag in M\u00fcnchehagen<\/strong><\/p>\n<p style=\"text-align: justify;\">Zum \u201eSchreddertag\u201c l\u00e4dt der M\u00f6nkeh\u00e4ger D\u00f6rpverein auch in diesem Jahr Menschen aus dem Ort ein. Zweige und \u00c4ste bis zu einem Durchmesser von zehn Zentimetern k\u00f6nnen am Sonnabend 28. Oktober, 9 bis 15 Uhr, im Steinbruch in M\u00fcnchehagen zum kostenlosen Schreddern angeliefert werden. Als Alternative zu den Brenntagen, die vor einigen Jahren verboten wurden, f\u00fchrte der D\u00f6rpverein die Schreddertage ein \u2013 und kann sich seitdem dar\u00fcber freuen, dass der Steinbruch an jenen Tagen reichlich frequentiert wird. Das geschredderte Material kann bei Bedarf anschlie\u00dfend mitgenommen werden, das Schreddern des eigenen Gr\u00fcnguts \u00fcbernimmt jeder unter Anleitung selbst. Gegen Hunger und Durst sorgt der D\u00f6rpverein in Steinbruch obendrein. Und wenn das Schreddern kostenlos angeboten wird, so nimmt der Verein doch gerne Spenden entgegen. Zum diesj\u00e4hrigen Jubil\u00e4um hat sich der D\u00f6rpverein einige \u00dcberraschungen einfallen lassen.<\/p>\n<p><span style=\"font-size: 18px;\">\u00a0<\/span><\/p>\n<p>[\/et_pb_text][\/et_pb_column][\/et_pb_row][et_pb_row _builder_version=&#8220;4.21.0&#8243; _module_preset=&#8220;default&#8220; global_colors_info=&#8220;{}&#8220;][et_pb_column type=&#8220;4_4&#8243; _builder_version=&#8220;4.21.0&#8243; _module_preset=&#8220;default&#8220; global_colors_info=&#8220;{}&#8220;][et_pb_image src=&#8220;http:\/\/www.d\u00f6rpverein-mhg.de\/wp-content\/uploads\/2023\/10\/Winfried-Heydt-und-1.-Vorsitzender-Daniel-Lindenberg-scaled.jpg&#8220; _builder_version=&#8220;4.21.0&#8243; _module_preset=&#8220;default&#8220; global_colors_info=&#8220;{}&#8220;][\/et_pb_image][\/et_pb_column][\/et_pb_row][et_pb_row _builder_version=&#8220;4.21.0&#8243; _module_preset=&#8220;default&#8220; global_colors_info=&#8220;{}&#8220;][et_pb_column type=&#8220;4_4&#8243; _builder_version=&#8220;4.21.0&#8243; _module_preset=&#8220;default&#8220; global_colors_info=&#8220;{}&#8220;][et_pb_image src=&#8220;http:\/\/www.d\u00f6rpverein-mhg.de\/wp-content\/uploads\/2023\/09\/Flyer-2023.jpg&#8220; _builder_version=&#8220;4.21.0&#8243; _module_preset=&#8220;default&#8220; global_colors_info=&#8220;{}&#8220;][\/et_pb_image][\/et_pb_column][\/et_pb_row][et_pb_row _builder_version=&#8220;4.16&#8243; _module_preset=&#8220;default&#8220; global_colors_info=&#8220;{}&#8220;][et_pb_column type=&#8220;4_4&#8243; _builder_version=&#8220;4.16&#8243; _module_preset=&#8220;default&#8220; global_colors_info=&#8220;{}&#8220;][et_pb_gallery gallery_ids=&#8220;940,942,941,943,1064,1065,1066,1067,1068&#8243; show_title_and_caption=&#8220;off&#8220; _builder_version=&#8220;4.18.0&#8243; _module_preset=&#8220;default&#8220; animation_style=&#8220;fade&#8220; box_shadow_style_image=&#8220;preset6&#8243; global_colors_info=&#8220;{}&#8220;][\/et_pb_gallery][et_pb_text _builder_version=&#8220;4.16&#8243; text_font=&#8220;Lora||||||||&#8220; text_font_size=&#8220;26px&#8220; text_line_height=&#8220;1.8em&#8220; header_font=&#8220;||||||||&#8220; header_text_align=&#8220;left&#8220; header_2_font=&#8220;Lora|700|||||||&#8220; header_2_font_size=&#8220;50px&#8220; header_2_line_height=&#8220;1.5em&#8220; header_3_font=&#8220;Lora|700|||||||&#8220; header_3_font_size=&#8220;42px&#8220; header_3_line_height=&#8220;1.5em&#8220; header_5_font=&#8220;Oswald|||on|||||&#8220; header_5_text_color=&#8220;rgba(0,0,0,0.4)&#8220; header_5_font_size=&#8220;20px&#8220; header_5_letter_spacing=&#8220;3px&#8220; max_width_tablet=&#8220;&#8220; max_width_phone=&#8220;&#8220; max_width_last_edited=&#8220;on|desktop&#8220; min_height=&#8220;434px&#8220; custom_margin_tablet=&#8220;|70px||70px&#8220; custom_margin_phone=&#8220;|50px||50px&#8220; custom_margin_last_edited=&#8220;off|desktop&#8220; custom_padding=&#8220;||0px|||&#8220; text_line_height_last_edited=&#8220;off|desktop&#8220; global_colors_info=&#8220;{}&#8220;]<\/p>\n<h5>SEIT 2013<\/h5>\n<p><strong>Schreddern anstatt verbrennen<\/strong>!!!<\/p>\n<p>M<span style=\"font-size: medium;\">\u00f6nkeh\u00e4ger D\u00f6rpverein schafft Abhilfe f\u00fcr Gr\u00fcngut<\/span><\/p>\n<p><span style=\"font-size: medium;\">Auch in diesem Jahr bot der D\u00f6rpverein den Schreddertag in Steinbruch in M\u00fcnchehagen an. Der H\u00e4cks\u00adler hatte gut zu tun, um die Menge an Baum\u00adschnitt zu schaf\u00adfen, die M\u00fcn\u00adche\u00adha\u00adgens B\u00fcr\u00adger an\u00adlie\u00adfer\u00adten.<\/span><\/p>\n<p><span style=\"font-size: medium;\">Seit dem Jahr 2014, als die Brenn\u00adtage ab\u00adge\u00adschafft wur\u00adden, hat der M\u00f6n\u00adkeh\u00e4\u00adger D\u00f6r\u00adp\u00adver\u00adein einen ers\u00adten Ver\u00adsuch mit solch ei\u00adnem Schred\u00adder-Tag ge\u00adst\u00adar\u00adtet. Al\u00adter\u00adnativ zum Ver\u00adbren\u00adnen des ei\u00adge\u00adnen Gr\u00fcn\u00adguts blie\u00adben nur die Gr\u00fcn\u00adgut-Kip\u00adpen in Reh\u00adburg und in Lee\u00adse. Bei\u00addes ist mit Trak\u00adto\u00adren ein recht wei\u00adter Weg, bei\u00addes kos\u00adtet au\u00dfer\u00addem Geld. Da wollte die Gruppe um Manfred Hockemeier Ab\u00adhilfe schaf\u00adfen. Un\u00adter\u00adst\u00fct\u00adzung be\u00adka\u00admen sie schnell: den leis\u00adtungs\u00adstar\u00adken H\u00e4cks\u00adler ebenso kos\u00adten\u00adlos zur Ver\u00adf\u00fc\u00adgung ge\u00adstellt, wie auch den Platz zum Schred\u00addern im Stein\u00adbruch. So muss der D\u00f6r\u00adp\u00adver\u00adein zu\u00admin\u00addest f\u00fcr sein An\u00adge\u00adbot nichts dazu zah\u00adlen. 12 Kipper und neun PKW-Anh\u00e4nger kamen derweil an diesem sonnigen Samstag. Und weil der Schred\u00adder-Tag so gut an\u00adge\u00adnom\u00admen wird, soll er wohl auch wieder n\u00e4chstes Jahr angeboten werden<\/span><\/p>\n<p>[\/et_pb_text][\/et_pb_column][\/et_pb_row][\/et_pb_section][et_pb_section fb_built=&#8220;1&#8243; admin_label=&#8220;About Section&#8220; _builder_version=&#8220;4.16&#8243; background_color=&#8220;#f1f7e6&#8243; custom_padding=&#8220;0|0px|0|0px|true|false&#8220; global_colors_info=&#8220;{}&#8220;][et_pb_row admin_label=&#8220;About Row&#8220; _builder_version=&#8220;4.16&#8243; animation_style=&#8220;fade&#8220; use_custom_width=&#8220;on&#8220; global_colors_info=&#8220;{}&#8220;][et_pb_column type=&#8220;4_4&#8243; _builder_version=&#8220;4.16&#8243; custom_padding=&#8220;|||&#8220; global_colors_info=&#8220;{}&#8220; custom_padding__hover=&#8220;|||&#8220;][et_pb_text _builder_version=&#8220;4.16&#8243; text_font=&#8220;Lora||||||||&#8220; text_font_size=&#8220;18px&#8220; text_line_height=&#8220;1.8em&#8220; header_2_font=&#8220;Lora|700|||||||&#8220; header_2_font_size=&#8220;50px&#8220; header_2_line_height=&#8220;1.5em&#8220; header_5_font=&#8220;Oswald|||on|||||&#8220; header_5_text_color=&#8220;rgba(0,0,0,0.4)&#8220; header_5_font_size=&#8220;20px&#8220; header_5_letter_spacing=&#8220;3px&#8220; max_width_tablet=&#8220;&#8220; max_width_phone=&#8220;&#8220; max_width_last_edited=&#8220;on|phone&#8220; custom_margin_tablet=&#8220;|70px||70px&#8220; custom_margin_phone=&#8220;|50px||50px&#8220; custom_margin_last_edited=&#8220;off|desktop&#8220; text_line_height_last_edited=&#8220;off|desktop&#8220; global_colors_info=&#8220;{}&#8220;]<\/p>\n<p>M\u00f6nkeh\u00e4ger D\u00f6rpverein schafft Abhilfe f\u00fcr Gr\u00fcngut<\/p>\n<p>Auch in diesem Jahr bot der D\u00f6rpverein den Schreddertag in Steinbruch in M\u00fcnchehagen an. Der H\u00e4cks\u00adler hatte gut zu tun, um die Menge an Baum\u00adschnitt zu schaf\u00adfen, die M\u00fcn\u00adche\u00adha\u00adgens B\u00fcr\u00adger an\u00adlie\u00adfer\u00adten.<\/p>\n<p>Seit dem Jahr 2014, als die Brenn\u00adtage ab\u00adge\u00adschafft wur\u00adden, hat der M\u00f6n\u00adkeh\u00e4\u00adger D\u00f6r\u00adp\u00adver\u00adein einen ers\u00adten Ver\u00adsuch mit solch ei\u00adnem Schred\u00adder-Tag ge\u00adst\u00adar\u00adtet. Al\u00adter\u00adnativ zum Ver\u00adbren\u00adnen des ei\u00adge\u00adnen Gr\u00fcn\u00adguts blie\u00adben nur die Gr\u00fcn\u00adgut-Kip\u00adpen in Reh\u00adburg und in Lee\u00adse. Bei\u00addes ist mit Trak\u00adto\u00adren ein recht wei\u00adter Weg, bei\u00addes kos\u00adtet au\u00dfer\u00addem Geld. Da wollte die Gruppe um Manfred Hockemeier Ab\u00adhilfe schaf\u00adfen. Un\u00adter\u00adst\u00fct\u00adzung be\u00adka\u00admen sie schnell: den leis\u00adtungs\u00adstar\u00adken H\u00e4cks\u00adler ebenso kos\u00adten\u00adlos zur Ver\u00adf\u00fc\u00adgung ge\u00adstellt, wie auch den Platz zum Schred\u00addern im Stein\u00adbruch. So muss der D\u00f6r\u00adp\u00adver\u00adein zu\u00admin\u00addest f\u00fcr sein An\u00adge\u00adbot nichts dazu zah\u00adlen. 12 Kipper und neun PKW-Anh\u00e4nger kamen derweil an diesem sonnigen Samstag. Und weil der Schred\u00adder-Tag so gut an\u00adge\u00adnom\u00admen wird, soll er wohl auch wieder n\u00e4chstes Jahr angeboten werden.<\/p>\n<p><span style=\"font-size: 18px;\">\u00a0<\/span><\/p>\n<p>[\/et_pb_text][et_pb_image src=&#8220;http:\/\/www.d\u00f6rpverein-mhg.de\/\/wp-content\/uploads\/2020\/05\/Schreddertag-2019-1.jpg&#8220; _builder_version=&#8220;4.16&#8243; width=&#8220;86.5%&#8220; global_colors_info=&#8220;{}&#8220;][\/et_pb_image][\/et_pb_column][\/et_pb_row][\/et_pb_section]<\/p>\n","protected":false},"excerpt":{"rendered":"<p>Schreddertag 2025 Der Schreddertag 2025 f\u00e4llt dieses Jahr leider aus. Wir freuen uns schon auf den 12. Schreddertag 2026 10 Jahre Schreddertag in M\u00fcnchehagen Den typischen Duft des Brenntages gibt es seit zehn Jahren nicht mehr, seitdem l\u00e4dt allerdings der M\u00f6nkeh\u00e4ger D\u00f6rpverein zum Schreddertag in den Steinbruch der Firma Wesling ein. Statt Asche bleibt Mulch [&hellip;]<\/p>\n","protected":false},"author":1,"featured_media":0,"parent":0,"menu_order":0,"comment_status":"closed","ping_status":"closed","template":"","meta":{"_et_pb_use_builder":"on","_et_pb_old_content":"","_et_gb_content_width":"","footnotes":""},"class_list":["post-639","page","type-page","status-publish","hentry"],"_links":{"self":[{"href":"http:\/\/www.d\u00f6rpverein-mhg.de\/index.php?rest_route=\/wp\/v2\/pages\/639","targetHints":{"allow":["GET"]}}],"collection":[{"href":"http:\/\/www.d\u00f6rpverein-mhg.de\/index.php?rest_route=\/wp\/v2\/pages"}],"about":[{"href":"http:\/\/www.d\u00f6rpverein-mhg.de\/index.php?rest_route=\/wp\/v2\/types\/page"}],"author":[{"embeddable":true,"href":"http:\/\/www.d\u00f6rpverein-mhg.de\/index.php?rest_route=\/wp\/v2\/users\/1"}],"replies":[{"embeddable":true,"href":"http:\/\/www.d\u00f6rpverein-mhg.de\/index.php?rest_route=%2Fwp%2Fv2%2Fcomments&post=639"}],"version-history":[{"count":22,"href":"http:\/\/www.d\u00f6rpverein-mhg.de\/index.php?rest_route=\/wp\/v2\/pages\/639\/revisions"}],"predecessor-version":[{"id":2111,"href":"http:\/\/www.d\u00f6rpverein-mhg.de\/index.php?rest_route=\/wp\/v2\/pages\/639\/revisions\/2111"}],"wp:attachment":[{"href":"http:\/\/www.d\u00f6rpverein-mhg.de\/index.php?rest_route=%2Fwp%2Fv2%2Fmedia&parent=639"}],"curies":[{"name":"wp","href":"https:\/\/api.w.org\/{rel}","templated":true}]}}